*k + 10. Suppose g = 5*c + 35, -3*c - 12 = -3*g + 9. Give r(c).
31
Let y(k) = k + 4*k - 5 - 6 + 9. Determine y(4).
18
Let i(q) be the first derivative of -q**4/4 + 4*q**3/3 - 3*q**2/2 + 4*q + 1. Suppose f - 3 = -m + 5*m, 2*f - 3*m - 6 = 0. Determine i(f).
4
Let i = 52 - 34. Suppose -3*y + i = -0*y. Let t(n) = n**2 - 5*n - 5. What is t(y)?
1
Suppose -v - 14 = -4*w, 6*w - 5*w - 1 = -v. Let m(i) be the third derivative of -i**4/12 - i**3/2 + 3*i**2. What is m(v)?
1
Let h(w) = -w + 14. Let v be h(0). Let u be ((-54)/(-63))/((-2)/v). Let s(o) = -o**3 - 7*o**2 - 6*o - 5. Give s(u).
-5
Let t(j) = j**2 - 5*j + 4. Let q be t(5). Let s(w) = 4 + q*w - w - 2*w. What is s(-6)?
-2
Let g(i) be the second derivative of 2*i**2 - 1/2*i**3 + 0 + 2*i. Give g(4).
-8
Let a(m) = -13*m**2 - 24*m - 28. Let y(j) = -3*j**2 - 6*j - 7. Let x(c) = -2*a(c) + 9*y(c). Calculate x(-6).
-7
Let o(w) = -w**3 + 5*w**2 - 2*w + 7. Let d = 6 + -1. Give o(d).
-3
Let u(t) = -t**3 + t**2 - t - 2. Suppose 24 = 2*i + 4*k, i - 2*i - k + 7 = 0. Let f = i - 2. Give u(f).
-2
Let y = 0 - -2. Let m(q) = 4*q**y + 0*q**2 - q**3 + q - 4 + 0. Let b(s) = -s**3 + 13*s**2 - 9*s - 32. Let a be b(12). What is m(a)?
0
Let s(m) = -4 - 2 - 8*m + 4 + 1. Let k = 9 + -8. Give s(k).
-9
Let u(d) = 3*d - 9. Let p(y) = 2*y**3 - 3*y**2 + 2*y - 2. Let v be p(2). Give u(v).
9
Let l be (-2)/5 + (-34)/(-10). Let z be 1 + 5 - l - 0. Let o(d) = 4*d + 44. Let g(b) = -b - 9. Let v(s) = 24*g(s) + 5*o(s). Give v(z).
-8
Let z(y) be the third derivative of y**5/20 - y**4/24 - 20*y**2. Let k(p) = 2*p**2 + 2*p + 1. Let r be 2/(-3) + (-1)/3. Let h be k(r). Give z(h).
2
Let n(x) = 5*x**2 - 34*x**3 + 22*x**3 + 13*x**3 + 5*x + 2. Let l be ((-4)/(4/5))/(-1). Suppose 0 = 3*b + 3, -7*h - 11 = -3*h - l*b. What is n(h)?
-2
Let b(u) = 4*u**2 - 2*u. Let p(g) = -19 + 19 - 11*g**2 + 6*g. Let l(c) = 8*b(c) + 3*p(c). Give l(2).
0
Let f = 14 + -9. Let u(z) = 0*z**2 + 3*z**2 + 7*z + 0*z**2 + f - 2*z**2. Determine u(-6).
-1
Let r(h) be the first derivative of h**4/4 - h**3/3 + h + 5. Suppose 0 = -n + 5*n - 4, 2*w - 5*n + 5 = 0. Give r(w).
1
Let l(p) = 4*p + 157 - p**2 - 162 + 4*p. Give l(5).
10
Suppose -m = 2*k - 32, 4*m + 17 + 8 = k. Let l(w) = 16*w**2 - k*w**2 - 5 + 8*w - 2. What is l(5)?
8
Suppose -4*b - 2*j = 2, -5*b - 5 = j - 1. Let u(i) = -3*i**3 + i**2 - i - 1. Calculate u(b).
4
Suppose 7*n - 3*n - 20 = 0. Suppose 3*z - 15 = 0, -4*i - n*z + 0 = -13. Let v(c) = -c**3 - 3*c**2 + 4*c + 2. What is v(i)?
-10
Let x(f) be the third derivative of 5/24*f**4 + 0 + 1/20*f**5 - 3*f**2 - 1/120*f**6 + 0*f - 5/6*f**3. What is x(4)?
-1
Let g(q) = -q**3 - 4*q**2 + q + 1. Let l be (-2)/(-6)*(-15 - -6). Calculate g(l).
-11
Let b(p) be the second derivative of -p**5/5 - p**4/12 + p**3/6 + p**2/2 - 23*p. What is b(-1)?
3
Let r = -3 + 7. Let p(q) = -4*q - 3*q + r*q + 2*q + q**2 - 9. What is p(0)?
-9
Let t be 3/2*-3 + 24/(-16). Let r(g) = -g**2 - 8*g - 7. Determine r(t).
5
Let n(q) = q**2 + 4*q + 6. Suppose -4*i - 2*s - 24 = 2*s, 4*i + s = -24. What is n(i)?
18
Let h(j) = -3*j + 3. Let x(s) = -s**2 - 6*s - 3. Let y = 7 - 11. Let z be x(y). Give h(z).
-12
Let h(b) = b**3 - 5*b**2 + 3*b + 1. Suppose -4*j - 1 = -2*v - 5, 0 = -5*v - 20. Let g be j/3 - 50/(-15). Give h(g).
-8
Let y(b) = -2*b**3 + 6*b**2 - 3*b + 4. Let s(r) = -3*r**3 + 7*r**2 - 4*r + 5. Let l(w) = 4*s(w) - 5*y(w). What is l(-1)?
1
Let o = 6 + -8. Let y(p) be the second derivative of -p**5/20 - p**4/12 - p**3/6 + p**2/2 + 18*p. Determine y(o).
7
Let m = 12 + -9. Let k(v) = -2 + m - 11 + v. What is k(5)?
-5
Let w(r) = r + 4. Let y be w(4). Suppose -3 = -f + 3*k, 4*f - 27 = y*f + k. Let d(q) = q + 13. What is d(f)?
7
Let v = -10 - -7. Suppose 5*p = 2*d + 17, 2*p - 3*d = -6 + 15. Let l(i) = i**2 - 2*i**2 + 2*i + i - p + 2*i**2. Determine l(v).
-3
Let b = -2 - -4. Let k be (-4)/(16/(-10))*b. Let p(j) = j**2 - 3*j - 7. Determine p(k).
3
Suppose -3*u + 4 = -u. Suppose -u*h + 0 = 4. Let g(k) = 3*k**2 + 2*k + 1. Calculate g(h).
9
Let i(b) be the first derivative of b**7/840 + b**6/360 - b**4/6 + 5*b**3/3 + 8. Let o(g) be the third derivative of i(g). Determine o(0).
-4
Let n(x) = x - 3. Suppose -2*t - 2*t + 8 = 0. Suppose 4*f - 2*j + 14 = 0, -5*f - t*j - 16 = 15. What is n(f)?
-8
Let z be (4/16)/((-4)/(-80)). Let n(p) = -z*p**2 + 18 + 0*p**2 + 4*p**2. Calculate n(0).
18
Suppose 0 = 7*b - 6*b - 2. Let j(d) = -5 - 2*d + b*d + d. Let l(c) = c**3 + 7*c**2 + 2*c + 10. Let p be l(-7). Give j(p).
-9
Let g(n) = -n - 41*n**2 + 3*n + 39*n**2 + 0*n. Calculate g(2).
-4
Let l be -6*2*(-4)/6. Let d = 9 - l. Let k(g) = -6*g + 1. Give k(d).
-5
Let x(w) = w**3 + w**2 + w. Let m(s) be the second derivative of s + s**2 + 0 + 1/6*s**3. Let k be m(-3). Give x(k).
-1
Let d(u) = -u**2 - 6*u - 6. Let t(n) = -n**3 + n. Let h(r) = 3*r**3 + 5*r**2 - 9*r - 2. Let l(j) = h(j) + 4*t(j). Let v be l(4). Give d(v).
-6
Let k = -4/11 - -27/44. Let z(q) be the first derivative of k*q**4 + 5/3*q**3 - 1 + q**2 + 5*q. Give z(-5).
-5
Let m(n) = n**2 - 4*n + 5. Suppose w = 3*w + 8. Let v be (-1)/(-1 + (-3)/w). Suppose -3*p = -2*p - v. Calculate m(p).
5
Let q(w) be the second derivative of -w**4/12 + w**3/6 - w**2 + w. Let y(s) be the first derivative of q(s). What is y(-4)?
9
Let x(z) be the first derivative of 0*z - 4 + 1/2*z**2. Calculate x(-3).
-3
Let m(i) = i + 1. Let p(z) = -4*z - 3. Let g(y) = 5*m(y) + p(y). Determine g(2).
4
Let s(m) = -m - 3. Let d(f) = -1. Let u(y) = -9*d(y) + 4*s(y). Determine u(-2).
5
Let p(y) = 2*y**2 + 6*y + 3. Suppose -3*x - 1 = -4. Let z be x/(-5) + (-54)/5. Let u be (-3)/9 - z/(-3). Determine p(u).
11
Let g(b) = -b**3 + 3*b + 3. Let s(t) = -9*t + 3. Let a be s(2). Let n be (16/20)/(6/a). Determine g(n).
5
Let o be ((-9)/(-6))/((-3)/6). Let z(f) = f**2 - 2*f + 1. Determine z(o).
16
Suppose 1 = 2*m - 2*v - 17, 0 = 4*m + 4*v - 12. Let y(a) = 5*a**2 + 5*a + 0*a + 5 - m*a**2. Calculate y(5).
5
Let r(t) be the first derivative of -t**6/360 + t**5/20 - t**4/12 + 2*t**3/3 + 2. Let l(a) be the third derivative of r(a). Determine l(4).
6
Let q(v) = v - 3. Let d(y) = 5*y - 38. Let c be d(9). Calculate q(c).
4
Let h be 1 - (-4)/((-12)/(-9)). Suppose -h*p + 7*p - 21 = -5*s, 3*s = -5*p + 19. Let c(l) = -l**3 + 4*l**2 - s - l + 4*l - 2 + 3*l. Determine c(5).
0
Let x(m) = -10*m**3 + 2*m**2 - m. Suppose 14*y - 3 = 11*y. Give x(y).
-9
Let t(g) = g**2 + 5*g + 5. Let u(o) = o**3 + 8*o**2 - 9*o - 5. Let v be u(-9). Determine t(v).
5
Let x(d) = -7*d + d**3 + 16*d**2 + 19*d**2 - 27*d**2. Calculate x(-9).
-18
Let b(c) be the first derivative of c**6/720 + c**4/12 - c - 3. Let r(t) be the first derivative of b(t). Let i(g) be the third derivative of r(g). Give i(-4).
-4
Let k(l) = 9*l - 3*l - 7*l + 0 - 4. Let v(q) = q**3 + 7*q**2 + 5*q - 4. Let z be v(-6). Suppose z*u - 4*c = -2*c + 10, 5*u = -5*c - 25. Calculate k(u).
-4
Let l be (3 - (-4 + 2)) + -2. Suppose -2*c - l*b = -9, -3*b = 2*c - 5*b - 34. Let j = c + -7. Let u(y) = -2*y + 6. What is u(j)?
-4
Let m(o) = -6*o - 1. Suppose -l + 6*l - 9 = 2*v, 4*l = v + 9. Give m(l).
-19
Let u = 0 + 2. Let t(c) = 0*c**2 + 0*c**2 + 6 - c**u. What is t(0)?
6
Let s(h) = -h**3 - 2*h**2 + h. Suppose -g = -2, -3*g - 16 = -2*d - 4*g. Let n(o) = -2 - o + o**3 - 8*o**2 + o + o**2. Let x be n(d). Determine s(x).
-2
Let u(p) = p**2 - 6*p - 4. Let d = -11 - -20. Let y be 10/45 - (-25)/d. Suppose -y*g + 24 - 9 = 0. Give u(g).
-9
Let l(i) = -i + 1. Let u(v) = v**3 - 5*v + 5. Let c be u(2). What is l(c)?
-2
Let j(p) = p + 1. Let v = -14 - -11. Let r be 26/(-4) + v/(-6). Determine j(r).
-5
Suppose 2*f = -3*u + 2*u - 3, 0 = 3*f. Let m(n) = -2*n + 4. What is m(u)?
10
Let v(t) be the third derivative of t**4/12 + t**3/2 + t**2. Suppose -17 = 2*j + 1. Let c = j + 4. Calculate v(c).
-7
Let r = -6 + 8. Let w(z) = 4 + 2*z**r + 1 - z**2. Determine w(0).
5
Suppose 2*l = l. Suppose -35 = -5*x + 5*j, -x + l*x + 2*j = -12. Let c(z) = 6*z**2 + 3*z + 2*z**x - 2*z. Determine c(-1).
7
Let l = 14 + -9. Suppose 39 = 4*u - 45. Suppose -l*m = -1 + u. Let c(d) = -d - 4. Give c(m).
0
Let x(c) = 5*c - 39. Let h(m) = -3*m + 26. Let l = 35 + -30. Let s(f) = l*x(f) + 8*h(f). Suppose -2*i - 34 = 4*w, -3*w - i = i + 28. Give s(w).
7
Let d(o) = 4*o - 1. Let k(j) = -5*j + 1. Let c(u) = -2*d(u) - 3*k(u). Give c(-1).
-8
Let l be (1/3)/((-4)/(-2